e 7) in base 5?
-2
What is 64 (base 12) in base 11?
6a
Convert 334 (base 5) to base 13.
73
Convert -310 (base 5) to base 16.
-50
Convert -102 (base 3) to base 2.
-1011
What is -7f (base 16) in base 14?
-91
What is -21 (base 3) in base 16?
-7
-6 (base 15) to base 10
-6
What is 34 (base 16) in base 15?
37
Convert 157 (base 9) to base 13.
a3
What is 3 (base 4) in base 2?
11
Convert 1 (base 12) to base 13.
1
0 (base 9) to base 4
0
Convert 3 (base 5) to base 2.
11
Convert 87 (base 16) to base 11.
113
90 (base 12) to base 6
300
1100 (base 2) to base 4
30
Convert a (base 16) to base 6.
14
What is -22 (base 7) in base 6?
-24
Convert 114 (base 10) to base 13.
8a
What is -2111 (base 4) in base 3?
-12112
Convert -6 (base 13) to base 3.
-20
Convert -a0 (base 11) to base 4.
-1232
What is -2 (base 10) in base 15?
-2
-100 (base 2) to base 4
-10
Convert -50 (base 15) to base 4.
-1023
Convert -1012 (base 4) to base 3.
-2121
30 (base 6) to base 8
22
1 (base 5) to base 11
1
8 (base 12) to base 4
20
-104 (base 8) to base 11
-62
-a (base 13) to base 4
-22
What is -3 (base 14) in base 12?
-3
What is -18 (base 11) in base 12?
-17
What is 3 (base 9) in base 16?
3
Convert 14 (base 16) to base 14.
16
Convert 2 (base 7) to base 5.
2
Convert -12 (base 10) to base 9.
-13
Convert -2 (base 11) to base 7.
-2
-40 (base 5) to base 11
-19
What is 2 (base 4) in base 15?
2
Convert -144 (base 12) to base 7.
-400
Convert -2 (base 13) to base 5.
-2
Convert 46 (base 15) to base 13.
51
Convert 11 (base 10) to base 6.
15
-7 (base 14) to base 15
-7
47 (base 13) to base 12
4b
43 (base 8) to base 12
2b
Convert -21 (base 4) to base 5.
-14
Convert 0 (base 12) to base 7.
0
Convert 8 (base 14) to base 15.
8
Convert -4b (base 13) to base 9.
-70
What is -1101 (base 2) in base 15?
-d
What is 165 (base 7) in base 9?
116
12010 (base 3) to base 11
116
-34 (base 5) to base 9
-21
Convert 3 (base 5) to base 11.
3
What is 1a (base 12) in base 8?
26
Convert 110 (base 3) to base 2.
1100
What is 2 (base 16) in base 14?
2
231 (base 4) to base 12
39
Convert 30 (base 13) to base 11.
36
What is 10 (base 2) in base 8?
2
Convert 10210 (base 3) to base 12.
86
Convert 1 (base 8) to base 12.
1
8b (base 15) to base 13
a1
Convert -2031 (base 5) to base 11.
-222
What is 10 (base 12) in base 4?
30
-13 (base 5) to base 16
-8
What is -33 (base 10) in base 5?
-113
Convert -a3 (base 15) to base 9.
-180
Convert 2213 (base 4) to base 12.
11b
What is -3 (base 16) in base 9?
-3
Convert -7 (base 14) to base 9.
-7
What is -9 (base 10) in base 13?
-9
-102 (base 4) to base 14
-14
132 (base 5) to base 4
222
-11 (base 3) to base 16
-4
Convert -22 (base 3) to base 9.
-8
What is 246 (base 10) in base 7?
501
0 (base 6) to base 12
0
-3 (base 13) to base 9
-3
What is 1101 (base 2) in base 14?
d
Convert c (base 16) to base 15.
c
What is 100 (base 3) in base 11?
9
Convert -c8 (base 16) to base 10.
-200
120 (base 5) to base 11
32
What is -100 (base 3) in base 9?
-10
31 (base 11) to base 10
34
What is -11 (base 6) in base 5?
-12
What is 60 (base 11) in base 8?
102
12 (base 12) to base 3
112
What is 3 (base 5) in base 3?
10
Convert -3 (base 9) to base 11.
-3
What is -202 (base 4) in base 2?
-100010
Convert -9 (base 11) to base 8.
-11
13 (base 4) to base 11
7
0 (base 5) to base 8
0
Convert 2 (base 4) to base 12.
2
13 (base 6) to base 7
12
Convert 3 (base 8) to base 9.
3
-110 (base 2) to base 11
-6
Convert 5 (base 6) to base 14.
5
-10 (base 4) to base 13
-4
-56 (base 12) to base 5
-231
12 (base 6) to base 7
11
-1000 (base 3) to base 2
-11011
525 (base 6) to base 2
11000101
Convert 12 (base 6) to base 2.
1000
Convert -3 (base 9) to base 3.
-10
What is -55 (base 8) in base 6?
-113
Convert 212 (base 4) to base 9.
42
Convert -1 (base 5) to base 4.
-1
What is 2 (base 8) in base 9?
2
5 (base 9) to base 12
5
Convert -1111 (base 3) to base 11.
-37
What is 5 (base 6) in base 14?
5
What is 12 (base 8) in base 13?
a
What is -54 (base 7) in base 11?
-36
What is -12222 (base 3) in base 12?
-115
Convert 16 (base 10) to base 8.
20
-1 (base 14) to base 2
-1
What is 17 (base 14) in base 7?
30
What is -14 (base 6) in base 4?
-22
What is 33 (base 4) in base 11?
14
Convert -30 (base 12) to base 13.
-2a
Convert 21 (base 6) to base 7.
16
3211 (base 4) to base 6
1021
1 (base 15) to base 16
1
Convert 2 (base 10) to base 5.
2
5 (base 11) to base 3
12
b (base 14) to base 16
b
-6 (base 14) to base 16
-6
Convert 173 (base 10) to base 12.
125
Convert -2 (base 10) to base 6.
-2
Convert -4 (base 10) to base 11.
-4
Convert -12222 (base 3) to base 16.
-a1
Convert -38 (base 14) to base 3.
-1212
11 (base 13) to base 8
16
-74 (base 10) to base 5
-244
Convert -3 (base 8) to base 12.
-3
4 (base 9) to base 3
11
-30 (base 5) to base 9
-16
Convert -47 (base 9) to base 12.
-37
What is -1101 (base 2) in base 16?
-d
What is -8 (base 12) in base 6?
-12
What is 1 (base 16) in base 13?
1
What is 166 (base 10) in base 4?
2212
Convert -10112 (base 3) to base 10.
-95
What is -34 (base 5) in base 2?
-10011
3 (base 15) to base 14
3
What is -205 (base 11) in base 14?
-139
-2111 (base 5) to base 3
-101102
41 (base 16) to base 7
122
-2b (base 16) to base 11
-3a
-8 (base 11) to base 7
-11
Convert 4 (base 16) to base 8.
4
3a (base 12) to base 9
51
Convert 143 (base 7) to base 15.
55
What is -3 (base 14) in base 13?
-3
-a (base 15) to base 13
-a
What is -4 (base 15) in base 10?
-4
2 (base 15) to base 12
2
2 (base 7) to base 5
2
-3 (base 6) to base 10
-3
What is -7 (base 14) in base 9?
-7
Convert 114 (base 12) to base 5.
1120
What is -10 (base 7) in base 3?
-21
Convert -2 (base 11) to base 9.
-2
0 (base 5) to base 6
0
Convert -6 (base 11) to base 7.
-6
Convert -301 (base 7) to base 12.
-104
135 (base 6) to base 16
3b
Convert -68 (base 13) to base 2.
-1010110
Convert 1 (base 12) to base 7.
1
Convert 39 (base 14) to base 4.
303
What is -5 (base 9) in base 7?
-5
What is -114 (base 5) in base 13?
-28
0 (base 14) to base 7
0
Convert -12 (base 9) to base 12.
-b
Convert -106 (base 7) to base 9.
-61
-3 (base 6) to base 13
-3
What is 2 (base 8) in base 15?
2
Convert -7 (base 14) to base 6.
-11
Convert -251 (base 10) to base 2.
-11111011
Convert -244 (base 5) to base 8.
-112
-1 (base 6) to base 8
-1
What is -10 (base 11) in base 15?
-b
-8 (base 13) to base 12
-8
What is 11001001 (base 2) in base 13?
126
-3 (base 10) to base 8
-3
What is 4 (base 15) in base 3?
11
What is 211 (base 5) in base 12?
48
-11 (base 2) to base 7
-3
Convert 1221 (base 3) to base 12.
44
What is 1c (base 15) in base 8?
33
What is 2120 (base 3) in base 8?
105
Convert -303 (base 5) to base 11.
-71
What is -17d (base 14) in base 6?
-1231
What is -1 (base 12) in base 6?
-1
Convert 1 (base 3) to base 14.
1
What is 5 (base 14) in base 4?
11
3 (base 4) to base 8
3
Convert 19 (base 13) to base 16.
16
Convert 17 (base 14) to base 10.
21
Convert -1 (base 12) to base 15.
-1
2 (base 10) to base 16
2
Convert 13 (base 5) to base 6.
12
29 (base 12) to base 14
25
What is -100010000 (base 2) in base 3?
-101002
What is 111010 (base 2) in base 4?
322
Convert 3 (base 13) to base 12.
3
What is 1 (base 2) in base 12?
1
What is 11 (base 6) in base 15?
7
38 (base 12) to base 4
230
What is 1 (base 4) in base 13?
1
4a (base 16) to base 9
82
Convert -ab (base 15) to base 16.
-a1
What is 4 (base 7) in base 14?
4
-57 (base 14) to base 8
-115
Convert 1132 (base 5) to base 16.
a7
Convert 2 (base 5) to base 12.
2
10011 (base 2) to base 8
23
Convert -131 (base 9) to base 8.
-155
Convert -3 (base 7) to base 12.
-3
What is 3 (base 15) in base 14?
3
What is -40 (base 9) in base 4?
-210
Convert -113 (base 4) to base 14.
-19
-10 (base 6) to base 12
-6
What is -32 (base 4) in base 11?
-13
Convert -7 (base 15) to base 4.
-13
What is -506 (base 7) in base 15?
-11b
What is -21 (base 6) in base 3?
-111
What is -21 (base 4) in base 13?
-9
Convert 25 (base 15) to base 4.
203
-6 (base 9) to base 2
-110
Convert -17 (base 9) to base 11.
-15
Convert -1 (base 10) to base 11.
-1
What is -62 (base 14) in base 13?
-68
Convert 11 (base 11) to base 6.
20
What is -3300 (base 4) in base 9?
-286
What is -46 (base 12) in base 6?
-130
Convert -12 (base 10) to base 13.
-c
Convert 0 (base 4) to base 6.
0
What is -2 (base 15) in base 7?
-2
Convert -8 (base 12) to base 14.
-8
Convert -10b (base 13